 is u(-2)?
-12
Let n = 827/10 + -411/5. Let i(f) be the second derivative of 0 - 1/20*f**5 - n*f**2 + 0*f**3 + 0*f**4 - 5*f. Calculate i(-1).
0
Let x(p) = 5*p**2 + 21*p - 2. Let j(v) = -6*v + 260. Let y be j(44). Determine x(y).
-6
Let l(b) be the third derivative of b**6/120 + b**5/30 - b**4/6 + 2*b**2. Let c = -77457 - -77454. Determine l(c).
3
Let a be 23 + (-2457)/108 - 18/8 - 6. Let w(p) = -76*p - 618. What is w(a)?
-10
Let b(g) = -g**2 + 10*g - 6. Let v = -49 - -77. Let s be -90*(v/8 + -3). Let m = s + 52. Determine b(m).
15
Suppose 1103 = -101*v - 178 - 1244. Let s(x) = x**2 + 23*x - 63. What is s(v)?
-13
Let b = -323 - -317. Let c(z) = -3*z**2 - z - z**2 - 1 + 3*z**2. Let w(k) = 4*k**2 + 2*k + 13. Let f(a) = -5*c(a) - w(a). Calculate f(b).
10
Let p(f) = 2*f - 22. Suppose 17*z = -z + 10206. Let k = z - 556. Give p(k).
0
Let a = -1229 - -1232. Let x = -8 + 22. Let r(g) = -16*g + 4 + x*g - 3. What is r(a)?
-5
Let d be ((-198)/15)/((-3)/10). Let l(q) = -2*q**3 + 14*q**2 + 5*q + 14. Let h be l(7). Let b = h - d. Let u(a) = -a**3 + 4*a**2 + 4*a + 7. Determine u(b).
2
Suppose 3*c = -2*o - 10, -c - 3*c + 4*o = -20. Suppose 2*u + 2*h - 192 = 0, -4*u + 475 = u + 4*h. Let d(w) = -w**2 + 47 + 41 - u. What is d(c)?
-3
Let u be ((-85)/(-15))/((-1)/(-9)). Suppose 11*b + u = 14*b. Suppose -3*m - 32 = -b. Let s(y) = -2*y + 5. Give s(m).
15
Let t(u) be the second derivative of -u**6/720 - u**5/120 + 77*u**4/6 - 8*u. Let r(n) be the third derivative of t(n). Give r(-2).
1
Let q(f) = f**3 + 21*f**2 + 20*f - 4. Let h = -10526 + 10506. Determine q(h).
-4
Let n(g) = g**2 + 2*g. Let z be (4/5)/(1/(-130)*-4). Suppose z*a = 6*a - 60. Determine n(a).
3
Let t(k) = -k**2 - k - 3. Suppose -4*i + 26 + 34 = 0. Let z(w) = w**2 - 11*w - 9. Let x be z(i). Let q be x/(-15) - (-6)/15 - 0. Determine t(q).
-9
Let q(l) = 2*l + 10. Let s(f) = -7*f**3 - 2*f**2 + f + 3. Suppose -17 = 2*m - 3*a, -6*m = -2*m + 5*a - 21. Let i be s(m). Determine q(i).
24
Suppose 0*s + 2*s + 6 = 0, 207 = 5*h - 4*s. Suppose h = -3*j - 24. Let m = j + 30. Let n(z) = -z**3 + 10*z**2 - 10*z + 8. Give n(m).
-1
Let o be -2 + (-27)/(-12) + (-21)/(-28). Let s be -8*o/10 + 4/5. Let m(f) = -f**2 - 17. Calculate m(s).
-17
Suppose 4*k - 1 = -3*y + 4, k - 3 = y. Let g(j) = j**k + 560*j - 563*j + 0 + 6. Determine g(6).
24
Let q(g) = -g**3 - g**2 + 17*g + 5. Let i be q(-5). Let h be ((-15)/(-25))/((-2)/i). Let t(s) = 2*s + 8. Determine t(h).
-4
Let m(b) = b**3 + 3*b**2 + 4*b + 10. Let i be -14 - (-3 + 105/(-15)). What is m(i)?
-22
Let v(m) = 5*m**2 - 11*m + 27. Let n(i) = 8*i**2 - 21*i + 48. Let z(b) = -3*n(b) + 5*v(b). Determine z(-12).
39
Let t(l) be the third derivative of l**5/60 + 5*l**4/12 - 3*l**3/2 + 249*l**2 + 7*l. What is t(-14)?
47
Suppose 0 = -5*u - 10*j + 5*j - 60, 0 = u - 3*j - 8. Let b(q) = -3*q**2 - 10*q - 7. Let i(n) = 13*n**2 + 41*n + 27. Let p(l) = -9*b(l) - 2*i(l). Determine p(u).
2
Let w(y) be the second derivative of -y**4/12 + 7*y**3/3 + 3*y**2/2 + 6085*y. Give w(14).
3
Let v be 33*(-35)/(-225) - 5 - 470/150. Let q(a) = 8*a + 11. Give q(v).
-13
Let r(j) = 111*j - 397*j + 94*j + 95*j + 2 - 2*j**2 + 100*j. Calculate r(-2).
-12
Let t(w) = -2*w**2 - 34*w + 66. Let m = 15892 - 15911. What is t(m)?
-10
Suppose 205*i - 198*i = 441. Suppose 0 = 6*a - 27 + i. Let s(g) = 5 - g**3 - 5*g - 2 - 7*g**2 + 3. What is s(a)?
0
Let h(w) = -w**3 - 41*w**2 - 376*w + 26. Let c be h(-14). Let v(a) = -12*a**2 - 11*a - 16. What is v(c)?
-42
Suppose -9*d - 2 = -10*d. Suppose d*p - 40 = 12*p. Let x be p/6*(2 - 114/12). Let k(g) = g**2 - 2*g + 4. Determine k(x).
19
Let y(l) = -l + 16. Let g be y(8). Let u(q) be the first derivative of 1/3*q**3 + 10*q + 59 - 11/2*q**2. What is u(g)?
-14
Let b = 510 + -483. Let q(n) = -n**3 + 28*n**2 - 26*n - 29. Let r be q(b). Let x(i) = 4*i**3 + i**2 + i + 2. Determine x(r).
-28
Let z(n) be the second derivative of -1 + 4*n**2 - 1/6*n**3 - n. Let w = 6 - 0. Give z(w).
2
Let g be (-50)/(-10)*(-15)/(-3). Suppose 7*a + 17 = -g. Let r(n) = -n - 8. Calculate r(a).
-2
Let n(i) = 353 + 352 + 358 + i + 0*i - 1065. Give n(-9).
-11
Let s(r) = 7*r**3 - 5*r**2 + 5*r + 17. Let z(b) = b**3 - 2*b**2. Let u(i) = -s(i) + 6*z(i). Determine u(-7).
18
Let a(n) = -7*n - 26. Let m(f) = -4*f - 14. Let h(l) = 3*a(l) - 5*m(l). Let g(j) = -3*j - 23. Let i(o) = 4*g(o) - 11*h(o). What is i(0)?
-4
Let o(k) = -12*k**2 + 1. Let c(y) = 7*y - 14. Let f be c(0). Let j = f - -13. Determine o(j).
-11
Let l(w) = w**3 + 2*w - 1. Let a(p) = 4*p**3 - 7*p**2 + 4*p - 6. Let u(h) = -a(h) + 5*l(h). Give u(-6).
1
Suppose 0 = r + 2*r + 168. Let f = r + 54. Let t(o) = o**3 + o**2 + o - 1. Let l be t(f). Let u(h) = h**3 + 8*h**2 + 6*h - 6. What is u(l)?
1
Let b = -20 - -22. Suppose 0 = -r - b*r + 6. Suppose -5 = r*d + 3*d. Let z(j) = 5*j**3 + 2*j**2 + 2*j + 1. Calculate z(d).
-4
Let x(r) = -2*r - 6. Suppose 0 = -391*v + 571*v + 11520. Suppose k + 0*m = 2*m + 73, -3*k = 3*m - 201. Let f = k + v. Give x(f).
-16
Let j(d) = 5*d**2 + 6*d + 9 - 2*d**2 - 30 - 2*d**2. Let g be j(-9). Let u(i) = -i + 2. Give u(g).
-4
Let j(p) = -6*p**2 + 3*p**2 + 13*p - 13 - 12*p**2 + 2*p**2 + p**3 - 10. Calculate j(12).
-11
Let f be (11/(132/(-45)))/(76/(-16) - -4). Let h(l) = -l**2. Let x(s) = -7*s**2 + 4*s + 6. Let z(c) = -6*h(c) + x(c). Give z(f).
1
Let m(h) = 12246*h**2 - 6119*h**2 + h**3 - 2*h**3 - 6126*h**2 + 2*h - 2*h. Let n(l) = l + 1. Let c be n(2). Suppose c*k = 2 - 5. Calculate m(k).
2
Suppose 0 = 3*i + 3*j - 15, 0 = -i + 4*j - 2291 + 2261. Let d(b) = 12*b + 9. What is d(i)?
-15
Let t(i) = -2*i**2 + 2*i - 2. Let h(z) = -z**2 - 2*z. Let r = -119 - -118. Let g(j) = r*h(j) + t(j). What is g(3)?
1
Suppose -11 = -d - n - 4, 3*n = 15. Let k(b) = -d + b + 8 - 2 - 2. Let p = -684 - -679. Determine k(p).
-3
Let l(o) = 35*o - 38*o + 8*o**2 - 9*o**2 + 15*o. Calculate l(11).
11
Let s be 80/15 + 2/(-6). Let p(h) = 4*h**3 + 2*h - 4. Let r(y) = -y**3 - y**2 - y. Let i(q) = s*r(q) + p(q). Suppose 6*c = 2*c + 20, -3*c + 19 = -l. Give i(l).
-8
Let s(u) = 2 + 3*u**2 + 1 + 813*u**3 + 10*u - 403*u**3 - 411*u**3. Calculate s(5).
3
Let u(q) = 4*q**3 - 15*q**2 - 6*q - 9. Let p(a) = a**3 - 2*a**2 + a. Let t(z) = -3*p(z) + u(z). Let c be t(10). Let h(s) = 39*s**3 + 1. Calculate h(c).
40
Let y(o) = -4*o + 3*o + 0*o - 7 + 5. Let c(d) = 6. Let g(f) = -c(f) - 2*y(f). Determine g(6).
10
Let f be 1 + (-14)/8 + 1785/(-68). Let m = f + 36. Let t(h) = 0 - h - 3 + m + 2. Give t(8).
0
Let w(u) = -8*u - 4. Let f(s) be the first derivative of -s**4/4 + s**3 + 2*s**2 - 3*s + 2. Suppose -582 = -4*t - 566. Let v be f(t). Determine w(v).
20
Suppose 15 = 5*k - 4*q, q - 23 = -4*k + 10. Let l(i) = -29*i + 10*i + 5*i + 5*i - i**2 - 2 + k*i. Calculate l(-3).
-5
Let k be 9/2*4/6. Let j(r) be the second derivative of 1/2*r**2 + 15 + 1/6*r**4 - 4*r - 1/20*r**5 + 1/3*r**3. Determine j(k).
-2
Suppose 0*n - 10 = -2*n + j, 10 = -2*n - 4*j. Suppose -n*o + o = 4*o. Let b(y) = y + 35. Calculate b(o).
35
Let s(z) be the third derivative of z**5/30 + 7*z**4/24 - 2*z**3/3 - 219*z**2 + 8*z. What is s(-3)?
-7
Let o(k) be the first derivative of -5*k**2 + 0*k - 222 - 1/3*k**3. What is o(-9)?
9
Suppose 2*y + 4*s - 52 = -2*y, 0 = 5*y - 3*s - 25. Let k(r) = 12*r + 1. Let v be k(0). Let f(o) = v + y*o - 9 + 4 - 2*o**2. Give f(5).
-14
Let a(n) be the third derivative of n**6/120 + 7*n**5/20 + n**4/12 + 47*n**3/6 + 5177*n**2. What is a(-21)?
5
Let y(d) = -4 - 9*d + 15394*d**3 - 4*d**2 - 17 - 15395*d**3. Calculate y(-4).
15
Let u(g) be the first derivative of 3*g**2 - g + 485. What is u(-1)?
-7
Let y be (51/9 - 5)*-12. Let r(d) = 3*d + 37. What is r(y)?
13
Let o(v) be the second derivative of 5*v**3/3 - v**2 + 76*v. Let b(m) = 2*m + 14. Let f be b(-5). Suppose 3*u = -q - 12 + 4, -f*u = 3*q + 14. Calculate o(q).
-22
Let a(o) = -2*o**3 + 3*o - 3. Let d(i) = 3*i**3 + 27*i**2 + 32*i + 286. Let v be d(-9). Give a(v).
7
Suppose 3*n - 27 = -3*y, 9 = 69*n - 68*n + 4*y. Let i(f) = -f**3 + 11*f**2 - 12*f - 7. Calculate i(n).
47
Let q(k) = k**2 + 6*k + 7. Let y(v) = v - 23. Let c(m) = -2*m**2 + 2*m - 6. Let d be c(4). Let a = d - -47. Let t be y(a). Determine q(t).
7
Let q(g) = -g. Let l = -24 + 27. Suppose -b - l*b + 3 = 5*d, -3*b - 12 = -d. Suppose -3*x - 5*c + 15 - 46 = 0, -3*c - 21 = d*x. What is q(x)?
2
Let h(l) be 